st common divisor of 35 and x?
5
Let h(s) = -3*s - 5. Let y be h(-6). Suppose 0 = -2*d + 3*k + 25, y + 2 = 2*d - k. Suppose -3*q + 1 = -d. Calculate the highest common factor of q and 2.
2
Let z = 39 - 26. Calculate the greatest common factor of z and 143.
13
Suppose -678 + 263 = -5*a. Let k = a + -28. Calculate the highest common divisor of k and 22.
11
Let l = -21 + 15. Let n = l + 16. Let s = n - 1. What is the highest common divisor of 27 and s?
9
Suppose x + 4 + 0 = 0. Let l = x + 8. Let z(d) = -d**3 + 6*d**2 - 4*d - 8. Let k be z(4). Calculate the highest common divisor of k and l.
4
Let b(f) = -f**3 - 11*f**2 - 7*f - 17. Let i be b(-11). Suppose -3*k - 4*h = -2*k - 19, -1 = -h. What is the greatest common divisor of k and i?
15
Let o(w) = w + 4. Let b be o(-6). Let x be b/(-3) + (-232)/(-3). What is the highest common factor of x and 13?
13
Let r be 3*(2 + -1) - (-6)/2. Calculate the greatest common factor of 18 and r.
6
Let k = 58 + -51. Calculate the greatest common factor of k and 14.
7
Let b = 5 - 33. Let v be b*2/10*-10. Calculate the greatest common divisor of 7 and v.
7
Let r(a) = a**3 - 4*a**2 + 2*a + 1. Let m be r(5). Calculate the greatest common divisor of 12 and m.
12
Suppose -4*d + 8 = 0, 9 + 4 = f - 2*d. Let z(s) = 152*s**2 + 1. Let h = 9 + -8. Let w be z(h). Calculate the greatest common factor of f and w.
17
Let r be (2 - -6)/(-2)*195/(-10). Calculate the greatest common divisor of 52 and r.
26
Let u(y) = y + 1. Let q = -1 + -1. Let v(b) = b - 1. Let l(h) = q*u(h) - 6*v(h). Let d be l(-3). Calculate the highest common divisor of 14 and d.
14
Let l = 109 - 103. What is the greatest common divisor of 66 and l?
6
Let s be (-21)/(-2) - 5/10. Calculate the greatest common factor of s and 40.
10
Let k be (0 - 2)*34/(-4). What is the highest common factor of 187 and k?
17
Let o = -49 - -59. Suppose -5*d + u + 149 + 103 = 0, -2*d + 5*u = -110. What is the greatest common factor of d and o?
10
Let r be (-20)/6*(-36)/15. Let u be (r/2)/((-1)/(-15)). What is the greatest common factor of u and 24?
12
Let m(d) = -d**2 + 7*d. Let b = 1 - -2. Let n be m(b). Suppose 0 - n = -j. Calculate the greatest common divisor of j and 60.
12
Suppose 3*g - 36 = 5*i, 2*g + i = 7 + 4. Suppose -3*j - o = -74, 0 = 2*j + 5*o - g - 25. Calculate the highest common divisor of j and 13.
13
Let r(w) = -3*w - 11. Let v be r(-6). Calculate the greatest common divisor of 49 and v.
7
Let o(s) = s**3 - 1 + 0*s + 3*s**2 + 3 - s. Let y(k) = k**3 + 10*k**2 + 9*k - 2. Let u be y(-9). Let t be o(u). What is the greatest common factor of t and 1?
1
Let q(x) = 4*x**2 - 2*x + 1 + 2*x**2 - 2. Let c be q(-2). Calculate the greatest common divisor of 3 and c.
3
Let k = 51 + -38. What is the greatest common divisor of 104 and k?
13
Let j(h) = 10*h**2 - 2*h - 2. Let l be j(-2). What is the greatest common divisor of 14 and l?
14
Let p(v) = -v. Let y(c) = 29 + c - 29. Let l(f) = 6*p(f) + 3*y(f). Let r be l(-3). What is the greatest common divisor of 45 and r?
9
Suppose -4*n = -20, 4*g - 2*n + 0*n + 62 = 0. Let x = -6 - g. What is the highest common divisor of x and 14?
7
Let o be (-22 - 0)*3/(-6). Calculate the greatest common divisor of o and 66.
11
Let z(t) = t**2 - 6*t + 7. Suppose 0*x + 2*x = 2*h - 18, 18 = 4*h + 5*x. Let n be z(h). Calculate the greatest common factor of 7 and n.
7
Let k = 14 - -2. Let m(x) = -3*x**2 - 2*x + 1. Let f be m(-2). Let q be (f - (2 - 1))/(-1). What is the highest common divisor of k and q?
8
Let h(z) = 3*z**3 - 2*z**2 + 4*z - 3. Let s be h(2). Let f = -7 - -10. Calculate the greatest common factor of f and s.
3
Suppose -4*i + 284 - 24 = 0. Suppose 0*q - i = -5*q. What is the greatest common factor of 13 and q?
13
Let z be ((-448)/(-40))/(2/10). What is the greatest common divisor of z and 7?
7
Let h(w) = 33*w + 11. Let f be h(4). Calculate the greatest common factor of f and 13.
13
Let x = -2 + -4. Let z be 5/x*2*-15. Suppose -z = -2*l - 1. What is the greatest common factor of l and 8?
4
Suppose 0*k - k - 3*s + 7 = 0, 0 = -3*k - 5*s + 29. Calculate the highest common factor of k and 13.
13
Let c(b) = -b + 10. Let a be c(7). Suppose a*h + 2*t = 28, -3*h + 5*t + 44 = -h. What is the highest common divisor of h and 84?
12
Let v(q) = -22*q**3 - 2. Let z be v(2). Let k be z/(-10) - (-1)/5. Suppose 4*l = -3*u + 30, 3*l + 7*u = 2*u + 28. What is the highest common factor of l and k?
6
Suppose -4*y + 477 = -99. Calculate the greatest common divisor of y and 18.
18
Let f = -29 - -50. Suppose 5*i = s + f, -27 = -3*i - 2*s - s. Suppose 0 = -4*b + 3*n + 54, -b + 11 = -2*n - i. What is the greatest common divisor of b and 60?
12
Suppose -5*t + 3 = l, -4*t = -2*l - 0*t + 6. Let o be l + 4/8*6. Calculate the greatest common factor of o and 42.
6
Let a be 1/2*-2 + 57. Let g = -50 + 72. Let m = g + -15. What is the greatest common divisor of m and a?
7
Let g be (48/(-8))/(3/(-4)). What is the highest common divisor of g and 12?
4
Let m(c) = c**2 - 9*c + 4. Let s be m(9). Let q be 90/24 - (-1)/s. Calculate the greatest common factor of q and 4.
4
Suppose -3*x - 65 = 4*q - 170, 3*x = -3. What is the greatest common factor of q and 216?
27
Let m = 106 + -56. Calculate the greatest common divisor of 20 and m.
10
Suppose 7*m - 2*m - 60 = 0. Suppose 0 = -4*h - 0*g - 5*g + 49, -5*h = 5*g - 55. Calculate the greatest common divisor of m and h.
6
Suppose 3*a = 6*a. Let t = a - -4. What is the highest common divisor of t and 16?
4
Let h = -5 - -10. Calculate the greatest common factor of 1 and h.
1
Let t be -5*(-1 + (0 - 1)). Let u be -9 + 7 - (-1 - 81). What is the highest common factor of u and t?
10
Suppose 2 - 5 = -i. Let g(a) = 6*a - 11*a**2 + i*a**2 + 11 + 5*a + a**3 + a. Let s be g(9). What is the highest common factor of s and 25?
25
Let a(j) = -j**2 + 6*j + 2. Let y be a(5). Suppose 0 = 5*n + 5, 4*n + 3 = s + 6*n. Suppose -3*v + 16 + s = 0. What is the highest common factor of v and y?
7
Suppose 119 + 31 = 5*r. Let g = 3 - 8. Let f be 198/10 - 1/g. Calculate the greatest common divisor of f and r.
10
Suppose 0 = 5*d - 61 + 16. Let o = d - 5. Suppose -4*c = -12 - 4. What is the highest common divisor of c and o?
4
Suppose -8*r + 20 = -4*r. Suppose 0 = -r*l + 9 + 21. Let t(v) = -v**3 + v + 48. Let s be t(0). What is the highest common divisor of l and s?
6
Suppose -4*t + 2*t = -4. Suppose 2 = t*a - 32. Calculate the highest common divisor of a and 85.
17
Let h be (5 + 0)*16/10. Let m = -119 + 187. Suppose 3*x + m = 5*o, o + 5 - 17 = x. Calculate the greatest common divisor of o and h.
8
Let n(b) = b**3 + 6*b**2 + 2*b - 1. Suppose -2*g = -a - a - 18, 0 = 2*a - 5*g + 30. Let v be n(a). What is the greatest common factor of v and 56?
14
Suppose 8 = c - 1. Let t(r) = -r**3 - 14*r**2 - 7*r - 17. Let g be t(-14). Calculate the greatest common divisor of c and g.
9
Suppose 3*a = -a + 4. Let u be 1*0*(-3 - -2). Suppose 3*o - 12 - 15 = u. Calculate the highest common factor of o and a.
1
Let m = 87 + -61. Suppose 0 = -2*q + 4*k + 32, 4*k + 43 = 3*q - 15. Calculate the highest common factor of q and m.
26
Suppose 5*k - 26 = -2*j + j, 5*j - 3*k = 74. Let t(p) = p**3 + p**2 + 4. Let i be ((0/3)/2)/(-3). Let x be t(i). What is the highest common divisor of x and j?
4
Suppose -2*f - 3 = -3*f. Let m be 414/15 - f/5. What is the highest common factor of 3 and m?
3
Suppose -g + 5*j + 28 = 0, -4*g = 4*j - 7 - 9. Calculate the highest common divisor of g and 40.
8
Let x = 52 - 30. Let g = x + -16. Calculate the highest common divisor of 2 and g.
2
Suppose 3*y = 1163 - 443. Suppose 5*c = 5*n - 480, -3*n = -4*c - 53 - y. Calculate the highest common factor of 13 and n.
13
Suppose 3*g - 59 = 61. Suppose 5*l + 2*s = 23, -4*l + 5*s + 34 = 9. Calculate the greatest common divisor of l and g.
5
Let r be (-24)/(-10)*(4 + 1). Suppose 2*x = 42 - 18. What is the highest common divisor of r and x?
12
Let m be 1/(1 - 0) - -9. Let h(j) = j**3 + j**2 + j + 9. Let x be h(0). Suppose 3*n + 3 - x = 0. Calculate the greatest common factor of m and n.
2
Suppose 30 = 2*r - 0*r. Calculate the highest common factor of 45 and r.
15
Let u = 442 + -302. Calculate the greatest common divisor of 20 and u.
20
Let n = 72 - 63. Calculate the highest common factor of n and 81.
9
Let u be (0 - -1) + (-1059